-- phpMyAdmin SQL Dump
-- version 4.9.1
-- https://www.phpmyadmin.net/
--
-- 主機： localhost
-- 產生時間： 
-- 伺服器版本： 8.0.17
-- PHP 版本： 7.3.10

SET SQL_MODE = "NO_AUTO_VALUE_ON_ZERO";
SET AUTOCOMMIT = 0;
START TRANSACTION;
SET time_zone = "+00:00";


/*!40101 SET @OLD_CHARACTER_SET_CLIENT=@@CHARACTER_SET_CLIENT */;
/*!40101 SET @OLD_CHARACTER_SET_RESULTS=@@CHARACTER_SET_RESULTS */;
/*!40101 SET @OLD_COLLATION_CONNECTION=@@COLLATION_CONNECTION */;
/*!40101 SET NAMES utf8mb4 */;

--
-- 資料庫： `course_db`
--

-- --------------------------------------------------------

--
-- 資料表結構 `all_course`
--

CREATE TABLE `all_course` (
  `course_ID` varchar(40) CHARACTER SET utf8 COLLATE utf8_unicode_ci NOT NULL,
  `course_name` varchar(40) CHARACTER SET utf8 COLLATE utf8_unicode_ci NOT NULL,
  `dep_ID` varchar(40) CHARACTER SET utf8 COLLATE utf8_unicode_ci NOT NULL,
  `required` varchar(40) CHARACTER SET utf8 COLLATE utf8_unicode_ci NOT NULL,
  `credit` smallint(6) NOT NULL
) ENGINE=InnoDB DEFAULT CHARSET=utf8 COLLATE=utf8_unicode_ci;

--
-- 傾印資料表的資料 `all_course`
--

INSERT INTO `all_course` (`course_ID`, `course_name`, `dep_ID`, `required`, `credit`) VALUES
('4008234', '微電子學', '08', '必修', 3),
('4008235', '微電子學(二)', '08', '必修', 3),
('409A13', '企業資訊網?', '09', '選', 3),
('409C05', '物件導向程式設計', '09', '選', 3),
('40BC06', '伺服器系統管理', '11', '必', 3),
('40BQ31', 'Java程式設計(一)', '11', '必', 3),
('40BQ32', 'Java程式設計(二)', '11', '選', 3),
('40BQ40', '資訊安全', '11', '必', 2),
('40BQ41', '網路管理技術', '11', '選', 3),
('909257', '互動式網頁設計', '09', '必', 3),
('909915', '網路程式設計(一)', '09', '必', 3),
('90A900', '數位內容概論', '10', '選', 2),
('90A902', '電腦動畫設計', '10', '選', 2),
('90B252', '資料庫管理系統', '11', '必', 4),
('90B253', '資料結構', '11', '必', 4),
('90B908', '資料庫程式設計', '11', '必', 3);

-- --------------------------------------------------------

--
-- 資料表結構 `classes`
--

CREATE TABLE `classes` (
  `class_ID` varchar(40) CHARACTER SET utf8 COLLATE utf8_unicode_ci NOT NULL,
  `class_name` varchar(40) CHARACTER SET utf8 COLLATE utf8_unicode_ci NOT NULL,
  `Dep_ID` varchar(40) CHARACTER SET utf8 COLLATE utf8_unicode_ci NOT NULL,
  `year` varchar(40) CHARACTER SET utf8 COLLATE utf8_unicode_ci NOT NULL
) ENGINE=InnoDB DEFAULT CHARSET=utf8 COLLATE=utf8_unicode_ci;

--
-- 傾印資料表的資料 `classes`
--

INSERT INTO `classes` (`class_ID`, `class_name`, `Dep_ID`, `year`) VALUES
('400101', '日四企管四甲', '10', '00'),
('400102', '日四企管四乙', '10', '00'),
('400111', '日四資管三甲', '11', '02'),
('400112', '日四資管四乙', '11', '00'),
('401081', '日四電子四甲', '08', '01'),
('401091', '日四資工三甲', '09', '01'),
('403091', '四資工一乙', '09', '03'),
('902111', '進四資管二甲', '11', '02'),
('902112', '進四資管二乙', '11', '02'),
('902113', '進四資管二丙', '11', '02'),
('903111', '進四資管一甲', '11', '03'),
('903112', '進四資管一乙', '11', '03');

-- --------------------------------------------------------

--
-- 資料表結構 `department`
--

CREATE TABLE `department` (
  `Dep_ID` varchar(40) CHARACTER SET utf8 COLLATE utf8_unicode_ci NOT NULL,
  `Dep_name` varchar(40) CHARACTER SET utf8 COLLATE utf8_unicode_ci NOT NULL
) ENGINE=InnoDB DEFAULT CHARSET=utf8 COLLATE=utf8_unicode_ci;

--
-- 傾印資料表的資料 `department`
--

INSERT INTO `department` (`Dep_ID`, `Dep_name`) VALUES
('05', '建築與室內設計系'),
('06', '機械工程系'),
('07', '電機工程系'),
('08', '電子工程系'),
('09', '資訊工程系'),
('10', '企業管理系'),
('11', '資訊管理系'),
('12', '金融管理系'),
('13', '國際企業系'),
('14', '休閒與運動系'),
('15', ' 餐飲管理系');

-- --------------------------------------------------------

--
-- 資料表結構 `open_course`
--

CREATE TABLE `open_course` (
  `open_course_ID` int(40) NOT NULL,
  `course_ID` varchar(40) CHARACTER SET utf8 COLLATE utf8_unicode_ci NOT NULL,
  `class_ID` varchar(40) CHARACTER SET utf8 COLLATE utf8_unicode_ci NOT NULL,
  `teacher_ID` varchar(40) CHARACTER SET utf8 COLLATE utf8_unicode_ci NOT NULL
) ENGINE=InnoDB DEFAULT CHARSET=utf8 COLLATE=utf8_unicode_ci;

--
-- 傾印資料表的資料 `open_course`
--

INSERT INTO `open_course` (`open_course_ID`, `course_ID`, `class_ID`, `teacher_ID`) VALUES
(23, '409A13', '400112', '0109'),
(10, '409A13', '401081', '0113'),
(19, '409A13', '401091', '0116'),
(15, '409C05', '401081', '0114'),
(20, '40BC06', '401081', '0109'),
(16, '40BC06', '401081', '0115'),
(12, '40BQ31', '400111', '0109'),
(11, '40BQ31', '400112', '0108'),
(14, '40BQ32', '400101', '0116'),
(13, '40BQ32', '400102', '0113'),
(17, '40BQ40', '401091', '0107'),
(18, '40BQ41', '401091', '0108'),
(7, '909257', '902111', '0111'),
(9, '909915', '902112', '0110'),
(6, '90A900', '902113', '0107'),
(5, '90A902', '902112', '0114'),
(3, '90B252', '902112', '0116'),
(1, '90B252', '902113', '0108'),
(4, '90B253', '902111', '0109'),
(8, '90B908', '902112', '0115');

-- --------------------------------------------------------

--
-- 資料表結構 `select_course`
--

CREATE TABLE `select_course` (
  `student_ID` varchar(40) COLLATE utf8_unicode_ci NOT NULL,
  `open_course_ID` int(11) NOT NULL,
  `normal` int(11) DEFAULT NULL,
  `midTerm` int(11) DEFAULT NULL,
  `finalTerm` int(11) DEFAULT NULL,
  `final` int(11) DEFAULT NULL
) ENGINE=InnoDB DEFAULT CHARSET=utf8 COLLATE=utf8_unicode_ci;

--
-- 傾印資料表的資料 `select_course`
--

INSERT INTO `select_course` (`student_ID`, `open_course_ID`, `normal`, `midTerm`, `finalTerm`, `final`) VALUES
('40011101', 4, 0, 0, 0, 80),
('40011101', 9, 0, 0, 0, 89),
('40011101', 10, 0, 0, 0, 78),
('40011103', 7, 0, 0, 0, 89),
('40011103', 10, 0, 0, 0, 84),
('40011103', 11, 0, 0, 0, 65),
('40011104', 6, 0, 0, 0, 76),
('40011104', 8, 0, 0, 0, 88),
('40011104', 12, 0, 0, 0, 79),
('40011105', 1, 0, 0, 0, 75),
('40011105', 4, 0, 0, 0, 89),
('40011105', 13, 0, 0, 0, 67),
('40011107', 1, 0, 0, 0, 90),
('40011107', 13, 0, 0, 0, 78),
('40011107', 14, 0, 0, 0, 80),
('40011109', 3, 0, 0, 0, 70),
('40011109', 10, 0, 0, 0, 75),
('40011109', 14, 0, 0, 0, 80),
('40011109', 19, 0, 0, 0, 80),
('40011110', 1, 0, 0, 0, 70),
('40011110', 17, 0, 0, 0, 90),
('40011110', 23, 0, 0, 0, 60),
('40011111', 5, 0, 0, 0, 80),
('40011111', 7, 0, 0, 0, 87),
('40011111', 9, 0, 0, 0, 76),
('40011112', 10, 0, 0, 0, 65),
('40011112', 14, 0, 0, 0, 86),
('40011112', 15, 0, 0, 0, 78),
('40011112', 18, 0, 0, 0, 65),
('40011113', 1, 0, 0, 0, 85),
('40011113', 3, 0, 0, 0, 75),
('40011113', 5, 0, 0, 0, 65),
('40011113', 8, 0, 0, 0, 86),
('40011114', 5, 0, 0, 0, 87),
('40011114', 11, 0, 0, 0, 67),
('40011114', 14, 0, 0, 0, 77),
('40011114', 15, 0, 0, 0, 90),
('40011115', 4, 0, 0, 0, 80),
('40011115', 11, 0, 0, 0, 90),
('40011115', 13, 0, 0, 0, 76),
('40011116', 13, 0, 0, 0, 86),
('40011116', 17, 0, 0, 0, 78),
('40011116', 18, 0, 0, 0, 76),
('40011120', 8, 0, 0, 0, 78),
('40011120', 11, 0, 0, 0, 69),
('40011120', 17, 0, 0, 0, 88),
('40011124', 3, 0, 0, 0, 76),
('40011124', 4, 0, 0, 0, 80),
('40011124', 13, 0, 0, 0, 68),
('40011124', 15, 0, 0, 0, 78),
('40011128', 11, 0, 0, 0, 83),
('40011128', 14, 0, 0, 0, 73),
('40011128', 16, 0, 0, 0, 80),
('40011130', 10, 0, 0, 0, 77),
('40011130', 13, 0, 0, 0, 87),
('40011130', 14, 0, 0, 0, 68),
('40011130', 15, 0, 0, 0, 88),
('90209218', 1, 0, 0, 0, 93),
('90209218', 4, 0, 0, 0, 83),
('90209218', 5, 0, 0, 0, 73),
('90211233', 1, 0, 0, 0, 73),
('90211233', 3, 0, 0, 0, 73),
('90211233', 5, 0, 0, 0, 73),
('90211302', 1, 0, 0, 0, 80),
('90211302', 4, 0, 0, 0, 80),
('90211302', 6, 0, 0, 0, 90),
('90211303', 1, 0, 0, 0, 87),
('90211303', 6, 0, 0, 0, 90),
('90211303', 7, 0, 0, 0, 87),
('90211304', 1, 0, 0, 0, 87),
('90211304', 6, 0, 0, 0, 87),
('90211304', 7, 0, 0, 0, 87),
('90211305', 1, 0, 0, 0, 77),
('90211305', 6, 0, 0, 0, 77),
('90211305', 8, 0, 0, 0, 87),
('90211305', 9, 0, 0, 0, 74),
('90211306', 1, 0, 0, 0, 90),
('90211306', 4, 0, 0, 0, 78),
('90211306', 5, 0, 0, 0, 84),
('90211307', 1, 0, 0, 0, 76),
('90211307', 6, 0, 0, 0, 94),
('90211307', 7, 0, 0, 0, 84),
('90211308', 1, 0, 0, 0, 84),
('90211308', 7, 0, 0, 0, 64),
('90211308', 8, 0, 0, 0, 80),
('90211309', 1, 0, 0, 0, 80),
('90211309', 6, 0, 0, 0, 90),
('90211309', 9, 0, 0, 0, 76),
('90211310', 1, 0, 0, 0, 76),
('90211310', 5, 0, 0, 0, 77),
('90211310', 18, 0, 0, 0, 86),
('90211311', 8, 0, 0, 0, 93),
('90211311', 12, 0, 0, 0, 76),
('90211311', 18, 0, 0, 0, 86),
('90211313', 7, 0, 0, 0, 88),
('90211314', 7, 0, 0, 0, 76),
('90211318', 8, 0, 0, 0, 86),
('90211319', 7, 0, 0, 0, 81),
('90211320', 5, 0, 0, 0, 76),
('90211321', 11, 0, 0, 0, 76),
('90211322', 9, 0, 0, 0, 76),
('90211323', 12, 0, 0, 0, 69),
('90211323', 16, 0, 0, 0, 82),
('90211324', 15, 0, 0, 0, 76),
('90211325', 20, 0, 0, 0, 89),
('90211326', 23, 0, 0, 0, 76),
('90211327', 20, 0, 0, 0, 83),
('90211329', 19, 0, 0, 0, 76),
('90211330', 18, 0, 0, 0, 76),
('90211331', 16, 0, 0, 0, 90),
('90211332', 17, 0, 0, 0, 66),
('90211333', 14, 0, 0, 0, 76),
('90211335', 11, 0, 0, 0, 83),
('90211336', 11, 0, 0, 0, 85),
('90211338', 13, 0, 0, 0, 76),
('90211339', 8, 0, 0, 0, 69),
('90211340', 4, 0, 0, 0, 74),
('90211341', 3, 0, 0, 0, 76);

-- --------------------------------------------------------

--
-- 資料表結構 `students`
--

CREATE TABLE `students` (
  `student_ID` varchar(40) CHARACTER SET utf8 COLLATE utf8_unicode_ci NOT NULL,
  `name` varchar(40) CHARACTER SET utf8 COLLATE utf8_unicode_ci NOT NULL,
  `class_ID` varchar(40) CHARACTER SET utf8 COLLATE utf8_unicode_ci NOT NULL,
  `sex` varchar(40) CHARACTER SET utf8 COLLATE utf8_unicode_ci NOT NULL,
  `tel` varchar(40) CHARACTER SET utf8 COLLATE utf8_unicode_ci DEFAULT NULL,
  `mailbox` varchar(40) CHARACTER SET utf8 COLLATE utf8_unicode_ci DEFAULT NULL,
  `address` varchar(60) CHARACTER SET utf8 COLLATE utf8_unicode_ci DEFAULT NULL
) ENGINE=InnoDB DEFAULT CHARSET=utf8 COLLATE=utf8_unicode_ci;

--
-- 傾印資料表的資料 `students`
--

INSERT INTO `students` (`student_ID`, `name`, `class_ID`, `sex`, `tel`, `mailbox`, `address`) VALUES
('40011101', '劉蘭曛', '400111', '女', '077310606', 'stu48@csu.edu.tw', '高雄市三民區澄清路 147 號'),
('40011103', '林文筆', '400111', '男', '077310607', 'stu49@csu.edu.tw', '高雄市三民區澄清路 148 號'),
('40011104', '李奕丞', '400111', '男', '077310608', 'stu50@csu.edu.tw', '高雄市三民區澄清路 149 號'),
('40011105', '張卉祈', '400111', '女', '077310609', 'stu51@csu.edu.tw', '高雄市三民區澄清路 150 號'),
('40011107', '劉育晏', '400111', '男', '077310610', 'stu52@csu.edu.tw', '高雄市三民區澄清路 151 號'),
('40011109', '吳思賢', '400111', '男', '077310611', 'stu53@csu.edu.tw', '高雄市鳳山區澄清路 152 號'),
('40011110', '張峻暐', '400111', '男', '077310612', 'stu54@csu.edu.tw', '高雄市鳳山區澄清路 153 號'),
('40011111', '王兟', '400111', '男', '077310613', 'stu55@csu.edu.tw', '台中市三民區澄清路 154 號'),
('40011112', '吳躍騰', '400111', '男', '077310614', 'stu56@csu.edu.tw', '高雄市三民區澄清路 155 號'),
('40011113', '林亭樺', '400111', '女', '077310615', 'stu57@csu.edu.tw', '新北市三民區澄清路 156 號'),
('40011114', '張曦文', '400111', '男', '077310616', 'stu58@csu.edu.tw', '高雄市三民區澄清路 157 號'),
('40011115', '林旭庭', '400111', '男', '077310617', 'stu59@csu.edu.tw', '新北市三民區澄清路 158 號'),
('40011116', '汪乙寶', '400111', '男', '077310618', 'stu60@csu.edu.tw', '台中市三民區澄清路 159 號'),
('40011120', '劉儀璟', '400111', '男', '077310619', 'stu61@csu.edu.tw', '台南市三民區澄清路 160 號'),
('40011124', '林名桂', '400111', '男', '077310621', 'stu63@csu.edu.tw', '高雄市三民區澄清路 162 號'),
('40011128', '林兆佳', '400111', '男', '077310622', 'stu64@csu.edu.tw', '高雄市鳥松區澄清路 163 號'),
('40011129', '劉志勇', '400111', '男', '0773106034', 'stu65@csu.edu.tw', '高雄市三民區志勇路 18 號'),
('40011130', '章先進', '400111', '男', '0773106048', 'stu66@csu.edu.tw', '高雄市三民區志勇路 30 號'),
('40108156', '劉秀麗', '401081', '女', '077310608', 'mailbox', '台北市中山區大明路  202 號'),
('90209218', '劉奕佑', '902113', '男', '077310606', 'stu2@csu.edu.tw', '高雄市鳥松區澄清路 101 號'),
('90211233', '陳邦峰', '902113', '男', '073453211', 'stu3@csu.edu.tw', '高雄市三民區澄清路 102 號'),
('90211234', '李志勇', '902112', '男', '0773106078', 'stu78@csu.edu.tw', '高雄市三民區志勇路 100 號'),
('90211302', '蔡明真', '902113', '男', '077310607', 'stu4@csu.edu.tw', '台南市三民區澄清路 103 號'),
('90211303', '李雯玲', '902113', '女', '077310609', 'stu5@csu.edu.tw', '高雄市三民區澄清路 104 號'),
('90211304', '劉雅玲', '902113', '女', '077313214', 'stu8@gmail.com', '高雄市苓雅區中正路 245 號'),
('90211305', '吳真儀', '902113', '女', '077310608', 'stu7@csu.edu.tw', '高雄市三民區澄清路 106 號'),
('90211306', '劉政維', '902113', '男', '077315643', 'stu8@csu.edu.tw', '高雄市三民區澄清路 107 號'),
('90211307', '張祥宇', '902113', '男', '077310709', 'stu9@csu.edu.tw', '高雄市三民區澄清路 108 號'),
('90211308', '張敦揮', '902113', '男', '077345670', 'stu10@csu.edu.tw', '高雄市三民區澄清路 109 號'),
('90211309', '劉郁萱', '902113', '女', '077310607', 'stu11@csu.edu.tw', '高雄市三民區澄清路 110 號'),
('90211310', '陳姿美', '902113', '女', '073219800', 'stu12@csu.edu.tw', '高雄市三民區澄清路 111 號'),
('90211311', '陳佳家', '902113', '女', '077310605', 'stu13@csu.edu.tw', '高雄市三民區澄清路 112 號'),
('90211312', '謝銘勇', '902113', '男', '077310608', 'stu14@csu.edu.tw', '高雄市三民區澄清路 113 號'),
('90211313', '黃冠仁', '902113', '男', '077310809', 'stu15@csu.edu.tw', '高雄市三民區澄清路 114 號'),
('90211314', '許芮名', '902113', '男', '077310978', 'stu16@csu.edu.tw', '高雄市三民區澄清路 115 號'),
('90211315', '蔡昌業', '902113', '男', '04567890', 'stu17@csu.edu.tw', '高雄市三民區澄清路 116 號'),
('90211316', '郭人真', '902113', '男', '023456789', 'stu18@csu.edu.tw', '高雄市三民區澄清路 117 號'),
('90211318', '唐仁傑', '902113', '男', '08909121', 'stu19@csu.edu.tw', '高雄市三民區澄清路 118 號'),
('90211319', '陳婉玲', '902113', '女', '084532199', 'stu20@csu.edu.tw', '高雄市三民區澄清路 119 號'),
('90211320', '劉啟原', '902113', '男', '042318961', 'stu21@csu.edu.tw', '高雄市三民區澄清路 120 號'),
('90211321', '劉嘉祥', '902113', '男', '062134561', 'stu22@csu.edu.tw', '高雄市三民區澄清路 121 號'),
('90211322', '王琪珍', '902113', '女', '083456712', 'stu23@csu.edu.tw', '高雄市三民區澄清路 122 號'),
('90211323', '張雅惠', '902113', '女', '032134562', 'stu24@csu.edu.tw', '高雄市三民區澄清路 123 號'),
('90211324', '吳廷豪', '902113', '男', '053217861', 'stu25@csu.edu.tw', '高雄市三民區澄清路 124 號'),
('90211325', '朱雅斐', '902113', '女', '032145678', 'stu26@csu.edu.tw', '高雄市三民區澄清路 125 號'),
('90211326', '劉嘉寶', '902113', '男', '056789012', 'stu27@csu.edu.tw', '高雄市三民區澄清路 126 號'),
('90211327', '劉文霖', '902113', '女', '0221345678', 'stu28@csu.edu.tw', '高雄市三民區澄清路 127 號'),
('90211329', '李宗孝', '902113', '男', '077310603', 'stu29@csu.edu.tw', '台南市安南區正光路 210 號'),
('90211330', '張禎穎', '902113', '男', '077310504', 'stu30@csu.edu.tw', '高雄市三民區澄清路 129 號'),
('90211331', '汪勝宏', '902113', '男', '08321456', 'stu31@csu.edu.tw', '高雄市三民區澄清路 130 號'),
('90211332', '張旭凱', '902113', '男', '06321452', 'tty30@gmail.com', '高雄市三民區澄清路500'),
('90211333', '劉信文', '902113', '男', '073217890', 'stu33@csu.edu.tw', '高雄市三民區澄清路 132 號'),
('90211335', '吳孟中', '902113', '男', '08431789', 'stu35@csu.edu.tw', '高雄市三民區澄清路 134 號'),
('90211336', '施欣新', '902113', '女', '068921345', 'stu36@csu.edu.tw', '高雄市三民區澄清路 135 號'),
('90211338', ' 張育儒', '902113', '男', '063414521', 'stu37@csu.edu.tw', '高雄市三民區澄清路 136 號'),
('90211339', '林伯緯', '902113', '男', '082134567', 'stu38@csu.edu.tw', '高雄市三民區澄清路 137 號'),
('90211340', '陳政名', '902113', '男', '083214567', 'stu39@csu.edu.tw', '高雄市三民區澄清路 138 號'),
('90211341', '林政諲', '902113', '男', '062318901', 'stu40@csu.edu.tw', '高雄市三民區澄清路 139 號'),
('90211342', '林志勇', '902113', '男', '0773106050', 'stu70@csu.edu.tw', '高雄市三民區志勇路 20 號'),
('90211357', '劉美美', '902113', '女', '077310690', 'stu35@csu.edu.tw', '台北市中山區大明路  223 號');

-- --------------------------------------------------------

--
-- 資料表結構 `teachers`
--

CREATE TABLE `teachers` (
  `teacher_ID` varchar(40) CHARACTER SET utf8 COLLATE utf8_unicode_ci NOT NULL,
  `name` varchar(40) CHARACTER SET utf8 COLLATE utf8_unicode_ci NOT NULL,
  `Dep_ID` varchar(40) CHARACTER SET utf8 COLLATE utf8_unicode_ci NOT NULL,
  `sex` varchar(40) CHARACTER SET utf8 COLLATE utf8_unicode_ci NOT NULL,
  `title` varchar(40) CHARACTER SET utf8 COLLATE utf8_unicode_ci NOT NULL,
  `tel` varchar(40) CHARACTER SET utf8 COLLATE utf8_unicode_ci DEFAULT NULL,
  `mailbox` varchar(40) CHARACTER SET utf8 COLLATE utf8_unicode_ci DEFAULT NULL,
  `address` varchar(60) CHARACTER SET utf8 COLLATE utf8_unicode_ci DEFAULT NULL
) ENGINE=InnoDB DEFAULT CHARSET=utf8 COLLATE=utf8_unicode_ci;

--
-- 傾印資料表的資料 `teachers`
--

INSERT INTO `teachers` (`teacher_ID`, `name`, `Dep_ID`, `sex`, `title`, `tel`, `mailbox`, `address`) VALUES
('0107', '張永明', '11', '男', '系主任', '077310606', 'tech01@csu.edu.tw', '高雄市三民區澄清路100 號'),
('0108', '粘添壽', '11', '男', '教師', '07-7310607', 'tech2@csu.edu.tw', '高雄市鳥松區澄清路 101 號'),
('0109', '林正忠', '10', '男', '教師', '07-7310608', 'tech3@csu.edu.tw', '高雄市三民區澄清路 102 號'),
('0110', '林純純', '10', '女', '教師', '07-7310609', 'tech4@csu.edu.tw', '台南市大同區澄清路 103 號'),
('0111', '林自立', '09', '男', '教師', '07-7310610', 'tech5@csu.edu.tw', '高雄市岡山區澄清路 104 號'),
('0112', '吳錦秀', '08', '女', '教師', '07-7310611', 'tech6@csu.edu.tw', '高雄市三民區澄清路 105 號'),
('0113', '張群偉', '11', '男', '教師', '07-7310612', 'tech7@csu.edu.tw', '台北市大安區澄清路 106 號'),
('0114', '劉維銘', '11', '男', '教師', '07-7310613', 'tech8@csu.edu.tw', '高雄市左營區澄清路 107 號'),
('0115', '王玉珠', '10', '女', '教師', '07-7310614', 'tech9@csu.edu.tw', '高雄市新興區澄清路 108 號'),
('0116', '李詠勇', '11', '男', '教師', '07-7310615', 'tech10@csu.edu.tw', '高雄市三民區澄清路 109 號'),
('0117', '劉秩仁', '10', '男', '系主任', '07-7310621', 'tech16@csu.edu.tw', '高雄市三民區澄清路 115 號'),
('0118', '張國正', '09', '男', '系主任', '07-7310620', 'tech15@csu.edu.tw', '高雄市三民區澄清路 114 號'),
('0119', '李振聲', '08', '男', '系主任', '07-7310619', 'tech14@csu.edu.tw', '高雄市三民區澄清路 113 號'),
('0120', '李婉貞', '12', '女', '系主任', '07-7310622', 'tech17@csu.edu.tw', '高雄市三民區澄清路 116 號'),
('0121', '吳育豪', '13', '男', '系主任', '07-7310623', 'tech18@csu.edu.tw', '高雄市三民區澄清路 117 號'),
('0122', '吳正義', '07', '男', '系主任', '07-7310618', 'tech13@csu.edu.tw', '高雄市三民區澄清路 112 號'),
('0123', '張鴻雄', '06', '男', '系主任', '07-7310617', 'tech12@csu.edu.tw', '高雄市三民區澄清路 111 號'),
('0124', '林曉梅', '05', '女', '系主任', '07-7310616', 'tech11@csu.edu.tw', '高雄市三民區澄清路 110 號'),
('0125', '李克典', '14', '男', '系主任', '07-7310624', 'tech19@csu.edu.tw', '高雄市三民區澄清路 118 號'),
('0126', '汪崇濱', '15', '男', '系主任', '07-7310625', 'tech20@csu.edu.tw', '高雄市三民區澄清路 119 號');

--
-- 已傾印資料表的索引
--

--
-- 資料表索引 `all_course`
--
ALTER TABLE `all_course`
  ADD PRIMARY KEY (`course_ID`),
  ADD KEY `dep_ID` (`dep_ID`);

--
-- 資料表索引 `classes`
--
ALTER TABLE `classes`
  ADD PRIMARY KEY (`class_ID`),
  ADD KEY `Dep_ID` (`Dep_ID`);

--
-- 資料表索引 `department`
--
ALTER TABLE `department`
  ADD PRIMARY KEY (`Dep_ID`);

--
-- 資料表索引 `open_course`
--
ALTER TABLE `open_course`
  ADD PRIMARY KEY (`open_course_ID`),
  ADD KEY `course_ID` (`course_ID`,`class_ID`,`teacher_ID`),
  ADD KEY `class_ID` (`class_ID`),
  ADD KEY `teacher_ID` (`teacher_ID`);

--
-- 資料表索引 `select_course`
--
ALTER TABLE `select_course`
  ADD PRIMARY KEY (`student_ID`,`open_course_ID`),
  ADD KEY `open_course_ID` (`open_course_ID`);

--
-- 資料表索引 `students`
--
ALTER TABLE `students`
  ADD PRIMARY KEY (`student_ID`),
  ADD KEY `class_ID` (`class_ID`);

--
-- 資料表索引 `teachers`
--
ALTER TABLE `teachers`
  ADD PRIMARY KEY (`teacher_ID`),
  ADD KEY `name` (`name`),
  ADD KEY `Dep_ID` (`Dep_ID`);

--
-- 在傾印的資料表使用自動遞增(AUTO_INCREMENT)
--

--
-- 使用資料表自動遞增(AUTO_INCREMENT) `open_course`
--
ALTER TABLE `open_course`
  MODIFY `open_course_ID` int(40) NOT NULL AUTO_INCREMENT, AUTO_INCREMENT=25;

--
-- 已傾印資料表的限制式
--

--
-- 資料表的限制式 `all_course`
--
ALTER TABLE `all_course`
  ADD CONSTRAINT `all_course_ibfk_1` FOREIGN KEY (`dep_ID`) REFERENCES `department` (`Dep_ID`);

--
-- 資料表的限制式 `classes`
--
ALTER TABLE `classes`
  ADD CONSTRAINT `classes_ibfk_1` FOREIGN KEY (`Dep_ID`) REFERENCES `department` (`Dep_ID`);

--
-- 資料表的限制式 `open_course`
--
ALTER TABLE `open_course`
  ADD CONSTRAINT `open_course_ibfk_1` FOREIGN KEY (`course_ID`) REFERENCES `all_course` (`course_ID`),
  ADD CONSTRAINT `open_course_ibfk_2` FOREIGN KEY (`class_ID`) REFERENCES `classes` (`class_ID`),
  ADD CONSTRAINT `open_course_ibfk_3` FOREIGN KEY (`teacher_ID`) REFERENCES `teachers` (`teacher_ID`);

--
-- 資料表的限制式 `select_course`
--
ALTER TABLE `select_course`
  ADD CONSTRAINT `select_course_ibfk_1` FOREIGN KEY (`open_course_ID`) REFERENCES `open_course` (`open_course_ID`),
  ADD CONSTRAINT `select_course_ibfk_2` FOREIGN KEY (`student_ID`) REFERENCES `students` (`student_ID`);

--
-- 資料表的限制式 `students`
--
ALTER TABLE `students`
  ADD CONSTRAINT `students_ibfk_1` FOREIGN KEY (`class_ID`) REFERENCES `classes` (`class_ID`);

--
-- 資料表的限制式 `teachers`
--
ALTER TABLE `teachers`
  ADD CONSTRAINT `teachers_ibfk_1` FOREIGN KEY (`Dep_ID`) REFERENCES `department` (`Dep_ID`);
COMMIT;

/*!40101 SET CHARACTER_SET_CLIENT=@OLD_CHARACTER_SET_CLIENT */;
/*!40101 SET CHARACTER_SET_RESULTS=@OLD_CHARACTER_SET_RESULTS */;
/*!40101 SET COLLATION_CONNECTION=@OLD_COLLATION_CONNECTION */;
